16*b + 122. Determine p(-8).
-6
Let v(m) = 46*m**3 - m**2 - 7*m - 6. What is v(-1)?
-46
Let u(h) = h - 1. Give u(-7).
-8
Let b(p) = -7*p - 27. What is b(-2)?
-13
Let f(r) = 3*r - 87. Calculate f(12).
-51
Let b(k) = 11*k - 134. Determine b(12).
-2
Let l(p) = p**3 - 8*p**2 + 5*p + 4. What is l(5)?
-46
Let a(n) = 3*n**2 - 12*n - 33. Calculate a(6).
3
Let z(k) = -k**3 + 10*k**2 - 3*k - 18. Determine z(9).
36
Let k(q) = -q**2 - 15*q - 41. What is k(-7)?
15
Let q(g) = -2*g + 25. Give q(15).
-5
Let u(k) = -87*k + 349. Calculate u(4).
1
Let p(l) = -l - 9. Give p(6).
-15
Let d(p) = 9*p**2 + 4*p + 2. What is d(-1)?
7
Let i(a) = -a**3 - 14*a**2 - a + 9. Determine i(-14).
23
Let f(x) = x**3 - 2*x**2 + x + 38. What is f(0)?
38
Let d(m) = m**3 - 5*m**2 + 6*m - 10. Calculate d(4).
-2
Let m(z) = -z**2 - z - 26. Determine m(0).
-26
Let b(p) = -p**3 + 18*p**2 + 118*p - 56. What is b(23)?
13
Let m(a) = 25*a - 83. Calculate m(3).
-8
Let l(f) = f**3 - 2*f**2 + 3*f - 2. What is l(3)?
16
Let d(i) = -i**2 - 70*i - 189. Determine d(-3).
12
Let j(p) = -p**2 - 9*p - 1. Give j(-9).
-1
Let i(g) = -g - 3. Determine i(4).
-7
Let v(s) = s**2 - 23*s + 96. What is v(6)?
-6
Let r(v) = -v**3 - 9*v**2 + 23*v + 24. Determine r(-11).
13
Let k(z) = -z**2 + 10*z - 2. Give k(8).
14
Let q(g) = -13*g**2 - 28*g + 3. Calculate q(-3).
-30
Let m(b) = -b**3 - 10*b**2 + 8*b + 21. What is m(-10)?
-59
Let q(w) = w**2 - 11*w - 19. Calculate q(13).
7
Let x(g) = g - 5. Determine x(14).
9
Let b(u) = -u**3 - 12*u**2 + 9*u. Determine b(-13).
52
Let i(u) = -3*u + 17. Determine i(5).
2
Let z(d) = d**3 + 34*d**2 + 28*d - 18. What is z(-33)?
147
Let y(z) = -8*z - 2. Determine y(19).
-154
Let i(r) = -3*r + 17. Calculate i(7).
-4
Let y(a) = 43*a**2 + a + 1. Determine y(-1).
43
Let c(a) = -6*a - 65. Determine c(-10).
-5
Let k(z) = -11*z**3 + 3*z + 2. Give k(-1).
10
Let m(u) = u**2 - 8*u - 9. Give m(11).
24
Let j(a) = a**3 + 9*a**2 + 10*a + 19. Calculate j(-9).
-71
Let f(z) = z**3 - 5*z**2 - 6*z. What is f(6)?
0
Let z(v) = -v - 55. Calculate z(8).
-63
Let d(t) = -t**3 - 2*t**2 + 4*t - 3. Calculate d(1).
-2
Let t(m) = 3*m + 50. Give t(7).
71
Let c(x) = -x**2 - 3*x - 12. Give c(-5).
-22
Let s(u) = u**2 + 3*u - 7. What is s(-6)?
11
Let d(x) = -3*x - 39. What is d(-16)?
9
Let c(d) = 57*d - 21. Determine c(1).
36
Let f(g) = g**3 + 11*g**2 - 11*g - 2. Calculate f(-12).
-14
Let j(c) = c**2 - 7*c - 18. Give j(7).
-18
Let m(d) = -d**3 + 41*d**2 - 76*d - 82. Give m(39).
-4
Let r(z) = z**2 - 261. Calculate r(-16).
-5
Let z(d) = -d**3 + 7*d**2 - 8*d - 1. What is z(8)?
-129
Let d(q) = -q**2 + 8*q + 16. Calculate d(12).
-32
Let w(k) = k**2 + 11*k + 19. What is w(-8)?
-5
Let i(p) = -p**3 - p**2 + 12*p + 6. Determine i(-4).
6
Let a(i) = i - 3. What is a(1)?
-2
Let r(b) = -2*b**2 + 6*b - 17. Give r(3).
-17
Let u(v) = -4*v + 9. Calculate u(9).
-27
Let y(t) = -8*t + 4. What is y(1)?
-4
Let z(x) = 12*x + 6. Determine z(-5).
-54
Let u(w) = -w**3 - 6*w**2 - 4*w - 2. What is u(-5)?
-7
Let p(z) = -z**3 - 11*z**2 - 10*z - 7. What is p(-10)?
-7
Let y(u) = u + 2. What is y(-9)?
-7
Let u(s) = s**3 + 3*s**2 + s + 1. Determine u(3).
58
Let j(w) = w**3 - 10*w**2 - 13*w + 25. Give j(11).
3
Let p(m) = -m**2 - 14*m - 15. Calculate p(-14).
-15
Let v(q) = -7*q**2 - 40*q + 10. What is v(-6)?
-2
Let y(v) = v - 6. Determine y(7).
1
Let s(c) = 5*c**2 - 97*c + 36. Determine s(19).
-2
Let h(m) = m**2 - 15*m + 4. Calculate h(7).
-52
Let f(i) = i**3 - i**2 - 3*i - 4. Give f(3).
5
Let d(p) = p**3 - 15*p**2 - 3*p - 15. Calculate d(15).
-60
Let p(y) = -2*y**2 - y + 6. Give p(3).
-15
Let n(j) = j**2 + 2. Determine n(2).
6
Let b(v) = v**3 - 8*v**2 - 2*v + 13. What is b(8)?
-3
Let o(l) = -l**3 - 12*l**2 - 18*l + 6. What is o(-10)?
-14
Let f(z) = -z**2 - 10*z - 6. Determine f(-4).
18
Let x(t) = t**3 - 3*t**2 - 47*t + 35. Calculate x(8).
-21
Let d(f) = 3*f - 47. What is d(18)?
7
Let o(s) = -6*s**2 + 17*s. Calculate o(3).
-3
Let n(t) = -2*t - 61. What is n(-18)?
-25
Let g(x) = -5*x - 10. Give g(-9).
35
Let u(s) = 7*s**3 - 2*s**2 + 2*s + 2. What is u(2)?
54
Let y(t) = t**2 + 12*t + 45. Determine y(-10).
25
Let y(l) = l**2 - 6*l - 16. Give y(-8).
96
Let c(z) = 16*z**2 + z. Give c(-1).
15
Let y(d) = -7*d - 1. Determine y(-5).
34
Let i(a) = 8*a + 51. Determine i(-10).
-29
Let g(v) = -3*v + 15. Calculate g(4).
3
Let d(c) = -5*c + 24. Give d(3).
9
Let w(c) = 2*c + 13. What is w(-7)?
-1
Let h(v) = -18*v - 43. What is h(-2)?
-7
Let w(c) = 2*c**3 + 32*c**2 - 34*c + 15. What is w(-17)?
15
Let g(u) = 2*u**2 + 4*u + 3. Calculate g(-2).
3
Let m(o) = o**3 + 5*o**2 + 6*o - 1. Give m(-4).
-9
Let s(x) = -x**3 - 15*x**2 + 15*x - 29. What is s(-16)?
-13
Let i(p) = -2*p**2 + 10*p - 9. Determine i(6).
-21
Let a(v) = v + 14. Determine a(7).
21
Let r(c) = -c**2 - 2*c + 16. Determine r(-3).
13
Let y(n) = -n**2 + 7*n + 6. Calculate y(-4).
-38
Let y(x) = -x**3 - x**2 + 2*x - 15. Calculate y(0).
-15
Let x(b) = b**2 + 10*b + 6. Determine x(-10).
6
Let q(y) = -29*y + 439. Determine q(15).
4
Let m(x) = -2*x**2 + 12*x + 15. Determine m(6).
15
Let i(p) = -p**3 + p**2 - 2*p + 3. Give i(2).
-5
Let l(a) = a**3 - 8*a**2 - 7*a - 11. Determine l(9).
7
Let q(d) = -d**3 + d**2 + 4*d - 11. What is q(3)?
-17
Let h(b) = -b - 23. Determine h(0).
-23
Let j(g) = -g**2 - 10*g - 12. Determine j(-8).
4
Let j(v) = -v**2 - 5*v + 3. Calculate j(-7).
-11
Let w(z) = -z**3 - 24*z**2 - 61*z + 29. Calculate w(-21).
-13
Let o(h) = 5*h + 11. What is o(-1)?
6
Let v(c) = c**3 + 45*c**2 + 47*c + 78. Give v(-44).
-54
Let t(o) = -o - 24. What is t(-11)?
-13
Let d(x) = -2*x**2 - 12*x + 3. Determine d(-8).
-29
Let p(m) = m**2 + 14*m. Give p(-12).
-24
Let u(h) = -h**2 - 8*h - 13. Calculate u(-5).
2
Let h(d) = 27*d + 129. Give h(-5).
-6
Let i(l) = -46*l. Give i(-1).
46
Let t(o) = o + 14. Calculate t(-11).
3
Let k(o) = o - 67. Determine k(-4).
-71
Let m(g) = -g**3 + g**2 + 3*g - 4. Give m(3).
-13
Let s(x) = -2*x - 30. Give s(-13).
-4
Let d(q) = -10*q**3 + q**2 + q - 1. What is d(1)?
-9
Let w(b) = -b**3 - 13*b**2 + 21*b + 3. Determine w(-14).
-95
Let t(v) = 24*v**2 + v + 1. Determine t(-1).
24
Let v(q) = -q - 3. What is v(-5)?
2
Let y(g) = -4*g + 17. Determine y(7).
-11
Let o(t) = -7*t + 5. What is o(16)?
-107
Let z(x) = -21*x - 4. What is z(-3)?
59
Let v(s) = -s**3 + 2*s - 3. Calculate v(2).
-7
Let g(r) = 2*r**3 - 2*r**2 + 3*r + 3. Determine g(-1).
-4
Let b(t) = -40*t - 81. Give b(-2).
-1
Let l(o) = -o**2 + 8*o. Give l(4).
16
Let x(f) = -3*f + 33. What is x(-17)?
84
Let o(y) = -y**2 + 7*y + 9. Give o(-4).
-35
Let j(b) = -b**3 + 15*b**2 - 27*b + 11. What is j(13)?
-2
Let g(m) = -m**2 - 2*m. Calculate g(-5).
-15
Let b(c) = -48*c - 378. Give b(-8).
6
Let h(u) = -u**3 + 9*u**2 + 12*u - 1. Give h(10).
19
Let v(y) = -4*y + 7. Calculate v(-7).
35
Let k(a) = a**3 + 10*a**2 + 15*a + 7. Determine k(-8).
15
Let y(j) = -5*j - 1. What is y(-2)?
9
Let b(y) = y**2 + y - 6. Determine b(-5).
14
Let w(p) = -6*p - 6. What is w(-3)?
12
Let x(u) = -13*u + 132. What is x(10)?
2
Let h(b) = -b**3 - 9*b**2 - 8*b - 4. Determine h(-8).
-4
Let h(y) = 2*y**2 + 97*y - 32. What is h(-49)?
17
Let r(c) = -c**3 + 5*c**2 + 7*c. Give r(6).
6
Let t(i) = -4*i + 1. What is t(-3)?
13
Let x(n) = 221*n + 6. What is x(0)?
6
Let r(n) = n**2 - 4*n + 25. Give r(-11).
190
Let f(x) = 99*x + 2. What is f(-1)?
-97
Let w(a) = -44*a + 268. Calculate w(6).
4
Let a(x) = x**3 + x**2 - 5. Give a(-4).
-53
Let l(v) = -v + 83. What is l(0)?
83
Let i(l) = l**3 + 7*l**2 - 4*l - 12. Determine i(-7).
16
Let v(o) = -o**3 + 7*o**2 - 3*o - 1. Give v(6).
17
Let w(x) = -24*x + 62. Calculate w(8).
-130
Let k(x) = x**3 + x**2 - 8*x - 2. Give k(-3).
4
Let g(h) = h - 5. Determine g(4).
-1
Let i(f) = 7*f + 2. Calculate i(-6).
-40
Let u(l) = -6*l + 50. Give u(6).
14
Let a(n) = 5*n**2 - 4. Give a(2).
16
Let p(z) = -6*z**3 + 2*z**2 - 1. What is p(-1)?
7
Let a(i) = -i**3 + i**2 + 3*i - 1. What is a(2)?
1
Let b(k) = k**3 - 19*k**2 - 5*k + 90. Calculate b(19).
-5
Let k(v) = -v**2 + 13*v + 67. Determine k(-4).
-1
Let u(r) = 20*r + 3. Give u(4).
83
Let c(o) = 3*o - 64. Give c(25).
11
Let d(m) = 2*m - 61. Give d(26).
-9
Let b(i) = -i**2 + 2*i + 1. What is b(-5)?
-34
Let u(y) = -9*y**3 + 54*y - 53. Determine u(1).
-8
Let m(o) = -88*o + 9. What is m(-1)?
97
Let r(l) = -l**2 + 28*l - 100. What is r(4)?
-4
